Last updated on 2024-07-27 01:53:13 CEST.
Flavor | Version | Tinstall | Tcheck | Ttotal | Status | Flags |
---|---|---|---|---|---|---|
r-devel-linux-x86_64-debian-clang | 0.1.2 | 6.36 | 52.14 | 58.50 | OK | |
r-devel-linux-x86_64-debian-gcc | 0.1.2 | 4.47 | 40.19 | 44.66 | OK | |
r-devel-linux-x86_64-fedora-clang | 0.1.2 | 72.99 | OK | |||
r-devel-linux-x86_64-fedora-gcc | 0.1.2 | 81.73 | OK | |||
r-devel-windows-x86_64 | 0.1.2 | 6.00 | 60.00 | 66.00 | OK | |
r-patched-linux-x86_64 | 0.1.2 | OK | ||||
r-release-linux-x86_64 | 0.1.2 | 5.40 | 51.46 | 56.86 | OK | |
r-release-macos-arm64 | 0.1.2 | 30.00 | OK | |||
r-release-macos-x86_64 | 0.1.2 | 58.00 | OK | |||
r-release-windows-x86_64 | 0.1.2 | 7.00 | 58.00 | 65.00 | OK | |
r-oldrel-macos-arm64 | 0.1.2 | 6.00 | ERROR | |||
r-oldrel-macos-x86_64 | 0.1.2 | 30.00 | OK | |||
r-oldrel-windows-x86_64 | 0.1.2 | 5.00 | 64.00 | 69.00 | OK |
Version: 0.1.2
Check: package dependencies
Result: ERROR
Package required but not available: ‘Heatplus’
See section ‘The DESCRIPTION file’ in the ‘Writing R Extensions’
manual.
Flavor: r-oldrel-macos-arm64