Last updated on 2024-07-27 01:53:13 CEST.
Flavor | Version | Tinstall | Tcheck | Ttotal | Status | Flags |
---|---|---|---|---|---|---|
r-devel-linux-x86_64-debian-clang | 1.0.1 | 2.41 | 35.49 | 37.90 | NOTE | |
r-devel-linux-x86_64-debian-gcc | 1.0.1 | 1.44 | 27.55 | 28.99 | NOTE | |
r-devel-linux-x86_64-fedora-clang | 1.0.1 | 49.19 | NOTE | |||
r-devel-linux-x86_64-fedora-gcc | 1.0.1 | 58.17 | NOTE | |||
r-devel-windows-x86_64 | 1.0.1 | 3.00 | 53.00 | 56.00 | NOTE | |
r-patched-linux-x86_64 | 1.0.1 | NOTE | ||||
r-release-linux-x86_64 | 1.0.1 | 2.00 | 35.18 | 37.18 | NOTE | |
r-release-macos-arm64 | 1.0.1 | 26.00 | NOTE | |||
r-release-macos-x86_64 | 1.0.1 | 40.00 | NOTE | |||
r-release-windows-x86_64 | 1.0.1 | 4.00 | 52.00 | 56.00 | NOTE | |
r-oldrel-macos-arm64 | 1.0.1 | 26.00 | NOTE | |||
r-oldrel-macos-x86_64 | 1.0.1 | 37.00 | NOTE | |||
r-oldrel-windows-x86_64 | 1.0.1 | 5.00 | 53.00 | 58.00 | NOTE |
Version: 1.0.1
Check: LazyData
Result: NOTE
'LazyData' is specified without a 'data' directory
Flavors: r-devel-linux-x86_64-debian-clang, r-devel-linux-x86_64-debian-gcc, r-devel-linux-x86_64-fedora-clang, r-devel-linux-x86_64-fedora-gcc, r-devel-windows-x86_64, r-patched-linux-x86_64, r-release-linux-x86_64, r-release-macos-arm64, r-release-macos-x86_64, r-release-windows-x86_64, r-oldrel-macos-arm64, r-oldrel-macos-x86_64, r-oldrel-windows-x86_64