CRAN Package Check Results for Package heterometa

Last updated on 2025-11-19 01:48:50 CET.

Flavor Version Tinstall Tcheck Ttotal Status Flags
r-devel-linux-x86_64-debian-clang 0.3 1.82 23.65 25.47 NOTE
r-devel-linux-x86_64-debian-gcc 0.3 1.52 20.14 21.66 NOTE
r-devel-linux-x86_64-fedora-clang 0.3 37.30 NOTE
r-devel-linux-x86_64-fedora-gcc 0.3 36.85 NOTE
r-devel-windows-x86_64 0.3 4.00 41.00 45.00 OK
r-patched-linux-x86_64 0.3 2.07 22.08 24.15 OK
r-release-linux-x86_64 0.3 1.86 21.95 23.81 OK
r-release-macos-arm64 0.3 2.00 18.00 20.00 OK
r-release-macos-x86_64 0.3 2.00 33.00 35.00 OK
r-release-windows-x86_64 0.3 2.00 40.00 42.00 OK
r-oldrel-macos-arm64 0.3 1.00 16.00 17.00 OK
r-oldrel-macos-x86_64 0.3 3.00 33.00 36.00 OK
r-oldrel-windows-x86_64 0.3 4.00 46.00 50.00 OK

Check Details

Version: 0.3
Check: HTML version of manual
Result: NOTE Found the following HTML validation problems: heterometa.html:263:43 (higgins.Rd:7): Warning: <script> anchor "MathJax-script" already defined Flavors: r-devel-linux-x86_64-debian-clang, r-devel-linux-x86_64-debian-gcc, r-devel-linux-x86_64-fedora-clang, r-devel-linux-x86_64-fedora-gcc