Last updated on 2025-05-08 01:51:05 CEST.
Flavor | Version | Tinstall | Tcheck | Ttotal | Status | Flags |
---|---|---|---|---|---|---|
r-devel-linux-x86_64-debian-clang | 1.0 | 1.81 | 19.25 | 21.06 | NOTE | |
r-devel-linux-x86_64-debian-gcc | 1.0 | 1.36 | 15.98 | 17.34 | NOTE | |
r-devel-linux-x86_64-fedora-clang | 1.0 | 32.42 | OK | |||
r-devel-linux-x86_64-fedora-gcc | 1.0 | 31.60 | OK | |||
r-devel-windows-x86_64 | 1.0 | 3.00 | 41.00 | 44.00 | OK | |
r-patched-linux-x86_64 | 1.0 | 1.44 | 18.48 | 19.92 | OK | |
r-release-linux-x86_64 | 1.0 | 1.63 | 18.50 | 20.13 | OK | |
r-release-macos-arm64 | 1.0 | 14.00 | OK | |||
r-release-macos-x86_64 | 1.0 | 24.00 | OK | |||
r-release-windows-x86_64 | 1.0 | 3.00 | 45.00 | 48.00 | OK | |
r-oldrel-macos-arm64 | 1.0 | 15.00 | OK | |||
r-oldrel-macos-x86_64 | 1.0 | 20.00 | OK | |||
r-oldrel-windows-x86_64 | 1.0 | 3.00 | 40.00 | 43.00 | OK |
Version: 1.0
Check: CRAN incoming feasibility
Result: NOTE
Maintainer: ‘Layla Parast <parast@austin.utexas.edu>’
The Description field contains
are described in Parast et al (2022) <arXiv:2209.08315>.
Please refer to arXiv e-prints via their arXiv DOI <doi:10.48550/arXiv.YYMM.NNNNN>.
Flavors: r-devel-linux-x86_64-debian-clang, r-devel-linux-x86_64-debian-gcc