Last updated on 2025-11-15 02:53:03 CET.
| Flavor | Version | Tinstall | Tcheck | Ttotal | Status | Flags |
|---|---|---|---|---|---|---|
| r-devel-linux-x86_64-debian-clang | 2.1.2 | 137.63 | 448.53 | 586.16 | OK | |
| r-devel-linux-x86_64-debian-gcc | 2.1.2 | 86.12 | 231.92 | 318.04 | OK | |
| r-devel-linux-x86_64-fedora-clang | 2.1.2 | 138.00 | 805.26 | 943.26 | OK | |
| r-devel-linux-x86_64-fedora-gcc | 2.1.2 | 238.00 | 708.44 | 946.44 | OK | |
| r-devel-windows-x86_64 | 2.1.2 | 125.00 | 336.00 | 461.00 | OK | |
| r-patched-linux-x86_64 | 2.1.2 | 132.31 | 438.20 | 570.51 | OK | |
| r-release-linux-x86_64 | 2.1.2 | 118.99 | 434.90 | 553.89 | OK | |
| r-release-macos-arm64 | 2.1.2 | 45.00 | 204.00 | 249.00 | OK | |
| r-release-macos-x86_64 | 2.1.2 | 77.00 | 570.00 | 647.00 | OK | |
| r-release-windows-x86_64 | 2.1.2 | 120.00 | 335.00 | 455.00 | OK | |
| r-oldrel-macos-arm64 | 2.1.2 | 45.00 | 204.00 | 249.00 | NOTE | |
| r-oldrel-macos-x86_64 | 2.1.2 | 72.00 | 664.00 | 736.00 | NOTE | |
| r-oldrel-windows-x86_64 | 2.1.2 | 153.00 | 602.00 | 755.00 | OK |
Version: 2.1.2
Check: installed package size
Result: NOTE
installed size is 11.9Mb
sub-directories of 1Mb or more:
libs 11.1Mb
Flavors: r-oldrel-macos-arm64, r-oldrel-macos-x86_64