Last updated on 2025-05-25 01:49:44 CEST.
Flavor | Version | Tinstall | Tcheck | Ttotal | Status | Flags |
---|---|---|---|---|---|---|
r-devel-linux-x86_64-debian-clang | 0.1.2 | 28.71 | 223.99 | 252.70 | OK | |
r-devel-linux-x86_64-debian-gcc | 0.1.2 | 21.19 | 161.09 | 182.28 | OK | |
r-devel-linux-x86_64-fedora-clang | 0.1.2 | 397.83 | OK | |||
r-devel-linux-x86_64-fedora-gcc | 0.1.2 | 380.27 | OK | |||
r-devel-windows-x86_64 | 0.1.2 | 28.00 | 191.00 | 219.00 | OK | |
r-patched-linux-x86_64 | 0.1.2 | 27.87 | 211.10 | 238.97 | OK | |
r-release-linux-x86_64 | 0.1.2 | 27.53 | 211.99 | 239.52 | OK | |
r-release-macos-arm64 | 0.1.2 | 100.00 | OK | |||
r-release-macos-x86_64 | 0.1.2 | 186.00 | OK | |||
r-release-windows-x86_64 | 0.1.2 | 28.00 | 186.00 | 214.00 | OK | |
r-oldrel-macos-arm64 | 0.1.2 | 93.00 | NOTE | |||
r-oldrel-macos-x86_64 | 0.1.2 | 183.00 | NOTE | |||
r-oldrel-windows-x86_64 | 0.1.2 | 36.00 | 246.00 | 282.00 | NOTE |
Version: 0.1.2
Check: package dependencies
Result: NOTE
Package suggested but not available for checking: ‘microViz’
Flavors: r-oldrel-macos-arm64, r-oldrel-macos-x86_64, r-oldrel-windows-x86_64