CRAN Package Check Results for Package hse

Last updated on 2025-11-20 03:50:12 CET.

Flavor Version Tinstall Tcheck Ttotal Status Flags
r-devel-linux-x86_64-debian-clang 0.0-28 1.46 13.24 14.70 NOTE
r-devel-linux-x86_64-debian-gcc 0.0-28 1.21 11.20 12.41 NOTE
r-devel-linux-x86_64-fedora-clang 0.0-28 21.98 OK
r-devel-linux-x86_64-fedora-gcc 0.0-28 20.44 OK
r-devel-windows-x86_64 0.0-28 2.00 21.00 23.00 OK
r-patched-linux-x86_64 0.0-28 1.53 12.59 14.12 OK
r-release-linux-x86_64 0.0-28 1.23 12.38 13.61 OK
r-release-macos-arm64 0.0-28 OK
r-release-macos-x86_64 0.0-28 1.00 14.00 15.00 OK
r-release-windows-x86_64 0.0-28 2.00 20.00 22.00 OK
r-oldrel-macos-arm64 0.0-28 OK
r-oldrel-macos-x86_64 0.0-28 1.00 16.00 17.00 OK
r-oldrel-windows-x86_64 0.0-28 2.00 22.00 24.00 OK

Check Details

Version: 0.0-28
Check: CRAN incoming feasibility
Result: NOTE Maintainer: ‘Rolf Turner <r.turner@auckland.ac.nz>’ No Authors@R field in DESCRIPTION. Please add one, modifying Authors@R: person(given = "Rolf", family = "Turner", role = c("aut", "cre"), email = "r.turner@auckland.ac.nz") as necessary. Flavors: r-devel-linux-x86_64-debian-clang, r-devel-linux-x86_64-debian-gcc