Last updated on 2025-05-06 02:50:21 CEST.
Flavor | Version | Tinstall | Tcheck | Ttotal | Status | Flags |
---|---|---|---|---|---|---|
r-devel-linux-x86_64-debian-clang | 0.0-28 | 1.49 | 12.20 | 13.69 | NOTE | |
r-devel-linux-x86_64-debian-gcc | 0.0-28 | 1.28 | 10.10 | 11.38 | NOTE | |
r-devel-linux-x86_64-fedora-clang | 0.0-28 | 20.95 | OK | |||
r-devel-linux-x86_64-fedora-gcc | 0.0-28 | 20.46 | OK | |||
r-devel-windows-x86_64 | 0.0-28 | 3.00 | 22.00 | 25.00 | OK | |
r-patched-linux-x86_64 | 0.0-28 | 1.38 | 11.87 | 13.25 | OK | |
r-release-linux-x86_64 | 0.0-28 | 1.36 | 11.78 | 13.14 | OK | |
r-release-macos-arm64 | 0.0-28 | 9.00 | OK | |||
r-release-macos-x86_64 | 0.0-28 | 15.00 | OK | |||
r-release-windows-x86_64 | 0.0-28 | 2.00 | 25.00 | 27.00 | OK | |
r-oldrel-macos-arm64 | 0.0-28 | 10.00 | OK | |||
r-oldrel-macos-x86_64 | 0.0-28 | 17.00 | OK | |||
r-oldrel-windows-x86_64 | 0.0-28 | 2.00 | 22.00 | 24.00 | OK |
Version: 0.0-28
Check: CRAN incoming feasibility
Result: NOTE
Maintainer: ‘Rolf Turner <r.turner@auckland.ac.nz>’
No Authors@R field in DESCRIPTION.
Please add one, modifying
Authors@R: person(given = "Rolf",
family = "Turner",
role = c("aut", "cre"),
email = "r.turner@auckland.ac.nz")
as necessary.
Flavors: r-devel-linux-x86_64-debian-clang, r-devel-linux-x86_64-debian-gcc