Last updated on 2025-02-11 01:49:09 CET.
Flavor | Version | Tinstall | Tcheck | Ttotal | Status | Flags |
---|---|---|---|---|---|---|
r-devel-linux-x86_64-debian-clang | 2.0.3 | 46.51 | 46.91 | 93.42 | OK | |
r-devel-linux-x86_64-debian-gcc | 2.0.3 | 29.89 | 35.52 | 65.41 | OK | |
r-devel-linux-x86_64-fedora-clang | 2.0.3 | 194.58 | NOTE | |||
r-devel-linux-x86_64-fedora-gcc | 2.0.3 | 187.18 | NOTE | |||
r-devel-windows-x86_64 | 2.0.3 | 54.00 | 100.00 | 154.00 | OK | |
r-patched-linux-x86_64 | 2.0.3 | 46.02 | 44.06 | 90.08 | OK | |
r-release-linux-x86_64 | 2.0.3 | 44.88 | 44.83 | 89.71 | OK | |
r-release-macos-arm64 | 2.0.3 | 52.00 | OK | |||
r-release-macos-x86_64 | 2.0.3 | 62.00 | OK | |||
r-release-windows-x86_64 | 2.0.3 | 54.00 | 100.00 | 154.00 | OK | |
r-oldrel-macos-arm64 | 2.0.3 | 54.00 | OK | |||
r-oldrel-macos-x86_64 | 2.0.3 | 106.00 | OK | |||
r-oldrel-windows-x86_64 | 2.0.3 | 63.00 | 113.00 | 176.00 | OK |
Version: 2.0.3
Check: compiled code
Result: NOTE
File ‘hsphase/libs/hsphase.so’:
Found no calls to: ‘R_registerRoutines’, ‘R_useDynamicSymbols’
It is good practice to register native routines and to disable symbol
search.
See ‘Writing portable packages’ in the ‘Writing R Extensions’ manual.
Flavors: r-devel-linux-x86_64-fedora-clang, r-devel-linux-x86_64-fedora-gcc