CRAN Package Check Results for Package html2R

Last updated on 2025-11-20 02:49:16 CET.

Flavor Version Tinstall Tcheck Ttotal Status Flags
r-devel-linux-x86_64-debian-clang 0.1.0 3.94 33.92 37.86 OK
r-devel-linux-x86_64-debian-gcc 0.1.0 2.83 26.44 29.27 OK
r-devel-linux-x86_64-fedora-clang 0.1.0 10.00 46.25 56.25 OK
r-devel-linux-x86_64-fedora-gcc 0.1.0 53.47 OK
r-devel-windows-x86_64 0.1.0 8.00 49.00 57.00 OK
r-patched-linux-x86_64 0.1.0 3.27 32.43 35.70 OK
r-release-linux-x86_64 0.1.0 4.03 32.15 36.18 OK
r-release-macos-arm64 0.1.0 OK
r-release-macos-x86_64 0.1.0 4.00 31.00 35.00 OK
r-release-windows-x86_64 0.1.0 7.00 49.00 56.00 OK
r-oldrel-macos-arm64 0.1.0 NOTE
r-oldrel-macos-x86_64 0.1.0 3.00 29.00 32.00 NOTE
r-oldrel-windows-x86_64 0.1.0 7.00 59.00 66.00 NOTE

Check Details

Version: 0.1.0
Check: LazyData
Result: NOTE 'LazyData' is specified without a 'data' directory Flavors: r-oldrel-macos-arm64, r-oldrel-macos-x86_64, r-oldrel-windows-x86_64