Last updated on 2025-11-20 03:50:12 CET.
| Flavor | Version | Tinstall | Tcheck | Ttotal | Status | Flags |
|---|---|---|---|---|---|---|
| r-devel-linux-x86_64-debian-clang | 1.4.7 | 6.57 | 54.98 | 61.55 | NOTE | |
| r-devel-linux-x86_64-debian-gcc | 1.4.7 | 4.77 | 39.91 | 44.68 | NOTE | |
| r-devel-linux-x86_64-fedora-clang | 1.4.7 | 18.00 | 70.08 | 88.08 | OK | |
| r-devel-linux-x86_64-fedora-gcc | 1.4.7 | 16.00 | 74.69 | 90.69 | OK | |
| r-devel-windows-x86_64 | 1.4.7 | 11.00 | 80.00 | 91.00 | OK | |
| r-patched-linux-x86_64 | 1.4.7 | 8.69 | 47.41 | 56.10 | NOTE | |
| r-release-linux-x86_64 | 1.4.7 | 6.24 | 47.63 | 53.87 | NOTE | |
| r-release-macos-arm64 | 1.4.7 | OK | ||||
| r-release-macos-x86_64 | 1.4.7 | 7.00 | 90.00 | 97.00 | OK | |
| r-release-windows-x86_64 | 1.4.7 | 10.00 | 80.00 | 90.00 | OK | |
| r-oldrel-macos-arm64 | 1.4.7 | OK | ||||
| r-oldrel-macos-x86_64 | 1.4.7 | 13.00 | 80.00 | 93.00 | OK | |
| r-oldrel-windows-x86_64 | 1.4.7 | 12.00 | 100.00 | 112.00 | OK |
Version: 1.4.7
Check: for unstated dependencies in ‘demo’
Result: NOTE
'::' or ':::' import not declared from: ‘rstudioapi’
Flavors: r-devel-linux-x86_64-debian-clang, r-devel-linux-x86_64-debian-gcc, r-patched-linux-x86_64, r-release-linux-x86_64