Last updated on 2024-07-27 01:53:13 CEST.
Flavor | Version | Tinstall | Tcheck | Ttotal | Status | Flags |
---|---|---|---|---|---|---|
r-devel-linux-x86_64-debian-clang | 0.100.2 | 20.02 | 136.56 | 156.58 | OK | |
r-devel-linux-x86_64-debian-gcc | 0.100.2 | 17.24 | 129.29 | 146.53 | NOTE | |
r-devel-linux-x86_64-fedora-clang | 0.100.2 | 242.95 | OK | |||
r-devel-linux-x86_64-fedora-gcc | 0.100.2 | 233.91 | OK | |||
r-devel-windows-x86_64 | 0.100.2 | 19.00 | 158.00 | 177.00 | NOTE | |
r-patched-linux-x86_64 | 0.100.2 | OK | ||||
r-release-linux-x86_64 | 0.100.2 | 11.72 | 106.05 | 117.77 | OK | |
r-release-macos-arm64 | 0.100.2 | 70.00 | OK | |||
r-release-macos-x86_64 | 0.100.2 | 132.00 | OK | |||
r-release-windows-x86_64 | 0.100.2 | 18.00 | 155.00 | 173.00 | OK | |
r-oldrel-macos-arm64 | 0.100.2 | 75.00 | OK | |||
r-oldrel-macos-x86_64 | 0.100.2 | 172.00 | OK | |||
r-oldrel-windows-x86_64 | 0.100.2 | 25.00 | 192.00 | 217.00 | OK |
Version: 0.100.2
Check: Rd cross-references
Result: NOTE
Found the following Rd file(s) with Rd \link{} targets missing package
anchors:
map-sel-poly.Rd: levelplot
Please provide package anchors for all Rd \link{} targets not in the
package itself and the base packages.
Flavors: r-devel-linux-x86_64-debian-gcc, r-devel-windows-x86_64