Last updated on 2025-05-06 02:50:21 CEST.
Flavor | Version | Tinstall | Tcheck | Ttotal | Status | Flags |
---|---|---|---|---|---|---|
r-devel-linux-x86_64-debian-clang | 1.2 | 1.74 | 22.93 | 24.67 | NOTE | |
r-devel-linux-x86_64-debian-gcc | 1.2 | 1.51 | 17.49 | 19.00 | NOTE | |
r-devel-linux-x86_64-fedora-clang | 1.2 | 39.83 | OK | |||
r-devel-linux-x86_64-fedora-gcc | 1.2 | 39.12 | OK | |||
r-devel-windows-x86_64 | 1.2 | 2.00 | 38.00 | 40.00 | OK | |
r-patched-linux-x86_64 | 1.2 | 2.10 | 22.43 | 24.53 | OK | |
r-release-linux-x86_64 | 1.2 | 1.83 | 22.10 | 23.93 | OK | |
r-release-macos-arm64 | 1.2 | 16.00 | OK | |||
r-release-macos-x86_64 | 1.2 | 27.00 | OK | |||
r-release-windows-x86_64 | 1.2 | 3.00 | 43.00 | 46.00 | OK | |
r-oldrel-macos-arm64 | 1.2 | 17.00 | OK | |||
r-oldrel-macos-x86_64 | 1.2 | 23.00 | OK | |||
r-oldrel-windows-x86_64 | 1.2 | 2.00 | 39.00 | 41.00 | OK |
Version: 1.2
Check: CRAN incoming feasibility
Result: NOTE
Maintainer: ‘Wentao Lu <wlu1026@yahoo.com>’
No Authors@R field in DESCRIPTION.
Please add one, modifying
Authors@R: c(person(given = "Wentao",
family = "Lu",
role = c("aut", "cre"),
email = "wlu1026@yahoo.com"),
person(given = "Xinlei",
family = "Wang",
role = "aut"),
person(given = "Xiaowei",
family = "Zhan",
role = "aut"))
as necessary.
Flavors: r-devel-linux-x86_64-debian-clang, r-devel-linux-x86_64-debian-gcc