CRAN Package Check Results for Package iNEXT.beta3D

Last updated on 2025-05-24 01:51:23 CEST.

Flavor Version Tinstall Tcheck Ttotal Status Flags
r-devel-linux-x86_64-debian-clang 1.0.2 13.30 292.70 306.00 OK
r-devel-linux-x86_64-debian-gcc 1.0.2 8.65 184.53 193.18 OK
r-devel-linux-x86_64-fedora-clang 1.0.2 483.19 OK
r-devel-linux-x86_64-fedora-gcc 1.0.2 482.33 OK
r-devel-windows-x86_64 1.0.2 14.00 277.00 291.00 OK
r-patched-linux-x86_64 1.0.2 11.49 274.61 286.10 OK
r-release-linux-x86_64 1.0.2 12.18 277.39 289.57 OK
r-release-macos-arm64 1.0.2 120.00 OK
r-release-macos-x86_64 1.0.2 406.00 OK
r-release-windows-x86_64 1.0.2 15.00 269.00 284.00 FAIL
r-oldrel-macos-arm64 1.0.2 134.00 OK
r-oldrel-macos-x86_64 1.0.2 259.00 OK
r-oldrel-windows-x86_64 1.0.2 20.00 315.00 335.00 OK

Check Details

Version: 1.0.2
Check: PDF version of manual
Result: FAIL Check process probably crashed or hung up for 20 minutes ... killed Most likely this happened in the example checks (?), if not, ignore the following last lines of example output: 6 45.0296 TD 7 8 27.6798 TD 9 28.1827 TD > > > > > > > ### * <FOOTER> > ### > cleanEx() detaching 'package:future' > options(digits = 7L) > base::cat("Time elapsed: ", proc.time() - base::get("ptime", pos = 'CheckExEnv'),"\n") Time elapsed: 21.8 0.61 22.5 NA NA > grDevices::dev.off() null device 1 > ### > ### Local variables: *** > ### mode: outline-minor *** > ### outline-regexp: "\\(> \\)?### [*]+" *** > ### End: *** > quit('no') ======== End of example output (where/before crash/hang up occured ?) ======== Flavor: r-release-windows-x86_64