CRAN Package Check Results for Package iRepro

Last updated on 2025-05-07 01:50:00 CEST.

Flavor Version Tinstall Tcheck Ttotal Status Flags
r-devel-linux-x86_64-debian-clang 1.2 2.78 27.82 30.60 NOTE
r-devel-linux-x86_64-debian-gcc 1.2 2.20 20.43 22.63 NOTE
r-devel-linux-x86_64-fedora-clang 1.2 48.78 OK
r-devel-linux-x86_64-fedora-gcc 1.2 51.05 OK
r-devel-windows-x86_64 1.2 4.00 43.00 47.00 OK
r-patched-linux-x86_64 1.2 3.28 26.56 29.84 OK
r-release-linux-x86_64 1.2 3.24 26.02 29.26 OK
r-release-macos-arm64 1.2 18.00 OK
r-release-macos-x86_64 1.2 29.00 OK
r-release-windows-x86_64 1.2 5.00 46.00 51.00 OK
r-oldrel-macos-arm64 1.2 16.00 OK
r-oldrel-macos-x86_64 1.2 29.00 OK
r-oldrel-windows-x86_64 1.2 4.00 42.00 46.00 OK

Check Details

Version: 1.2
Check: CRAN incoming feasibility
Result: NOTE Maintainer: ‘Jelena Kovacic <jkovacic@imi.hr>’ No Authors@R field in DESCRIPTION. Please add one, modifying Authors@R: person(given = "Jelena", family = "Kovacic", role = c("aut", "cre"), email = "jkovacic@imi.hr") as necessary. Flavors: r-devel-linux-x86_64-debian-clang, r-devel-linux-x86_64-debian-gcc