CRAN Package Check Results for Package ibs

Last updated on 2025-11-19 01:48:50 CET.

Flavor Version Tinstall Tcheck Ttotal Status Flags
r-devel-linux-x86_64-debian-clang 1.4 10.09 23.50 33.59 NOTE
r-devel-linux-x86_64-debian-gcc 1.4 7.16 18.97 26.13 NOTE
r-devel-linux-x86_64-fedora-clang 1.4 38.00 20.81 58.81 OK
r-devel-linux-x86_64-fedora-gcc 1.4 25.00 24.84 49.84 OK
r-devel-windows-x86_64 1.4 15.00 59.00 74.00 OK
r-patched-linux-x86_64 1.4 10.35 22.26 32.61 OK
r-release-linux-x86_64 1.4 10.68 22.10 32.78 OK
r-release-macos-arm64 1.4 5.00 15.00 20.00 OK
r-release-macos-x86_64 1.4 9.00 24.00 33.00 OK
r-release-windows-x86_64 1.4 13.00 58.00 71.00 OK
r-oldrel-macos-arm64 1.4 5.00 14.00 19.00 OK
r-oldrel-macos-x86_64 1.4 8.00 20.00 28.00 OK
r-oldrel-windows-x86_64 1.4 12.00 71.00 83.00 OK

Check Details

Version: 1.4
Check: CRAN incoming feasibility
Result: NOTE Maintainer: ‘Feng Chen <feng.chen@unsw.edu.au>’ No Authors@R field in DESCRIPTION. Please add one, modifying Authors@R: person(given = "Feng", family = "Chen", role = c("aut", "cre"), email = "feng.chen@unsw.edu.au") as necessary. Flavors: r-devel-linux-x86_64-debian-clang, r-devel-linux-x86_64-debian-gcc