CRAN Package Check Results for Package icertool

Last updated on 2025-05-04 02:50:08 CEST.

Flavor Version Tinstall Tcheck Ttotal Status Flags
r-devel-linux-x86_64-debian-clang 0.0.3 2.35 19.72 22.07 NOTE
r-devel-linux-x86_64-debian-gcc 0.0.3 1.74 16.07 17.81 NOTE
r-devel-linux-x86_64-fedora-clang 0.0.3 33.94 NOTE
r-devel-linux-x86_64-fedora-gcc 0.0.3 33.96 NOTE
r-devel-windows-x86_64 0.0.3 5.00 46.00 51.00 NOTE
r-patched-linux-x86_64 0.0.3 2.21 19.05 21.26 NOTE
r-release-linux-x86_64 NOTE
r-release-macos-arm64 0.0.3 17.00 NOTE
r-release-macos-x86_64 0.0.3 29.00 NOTE
r-release-windows-x86_64 0.0.3 4.00 46.00 50.00 NOTE
r-oldrel-macos-arm64 0.0.3 17.00 OK
r-oldrel-macos-x86_64 0.0.3 25.00 OK
r-oldrel-windows-x86_64 0.0.3 5.00 49.00 54.00 OK

Check Details

Version: 0.0.3
Check: DESCRIPTION meta-information
Result: NOTE Missing dependency on R >= 4.1.0 because package code uses the pipe |> or function shorthand \(...) syntax added in R 4.1.0. File(s) using such syntax: ‘app.R’ Flavors: r-devel-linux-x86_64-debian-clang, r-devel-linux-x86_64-debian-gcc, r-devel-linux-x86_64-fedora-clang, r-devel-linux-x86_64-fedora-gcc, r-devel-windows-x86_64, r-patched-linux-x86_64, r-release-linux-x86_64, r-release-macos-arm64, r-release-macos-x86_64, r-release-windows-x86_64

Version: 0.0.3
Check: dependencies in R code
Result: NOTE Namespaces in Imports field not imported from: ‘digest’ ‘purrr’ ‘tidyverse’ All declared Imports should be used. Flavors: r-devel-linux-x86_64-fedora-clang, r-devel-linux-x86_64-fedora-gcc