CRAN Package Check Results for Package icesAdvice

Last updated on 2025-05-04 02:50:08 CEST.

Flavor Version Tinstall Tcheck Ttotal Status Flags
r-devel-linux-x86_64-debian-clang 2.1.1 1.73 20.32 22.05 NOTE
r-devel-linux-x86_64-debian-gcc 2.1.1 1.55 16.21 17.76 NOTE
r-devel-linux-x86_64-fedora-clang 2.1.1 34.31 NOTE
r-devel-linux-x86_64-fedora-gcc 2.1.1 35.21 NOTE
r-devel-windows-x86_64 2.1.1 3.00 44.00 47.00 NOTE
r-patched-linux-x86_64 2.1.1 2.27 19.37 21.64 NOTE
r-release-linux-x86_64 NOTE
r-release-macos-arm64 2.1.1 16.00 NOTE
r-release-macos-x86_64 2.1.1 24.00 NOTE
r-release-windows-x86_64 2.1.1 2.00 47.00 49.00 NOTE
r-oldrel-macos-arm64 2.1.1 15.00 NOTE
r-oldrel-macos-x86_64 2.1.1 23.00 NOTE
r-oldrel-windows-x86_64 2.1.1 4.00 42.00 46.00 NOTE

Check Details

Version: 2.1.1
Check: Rd files
Result: NOTE checkRd: (-1) Bpa.Rd:39-40: Lost braces 39 | stocks. \doi{10.17895/ices.pub.3036}{\emph{ICES Advice | ^ checkRd: (-1) Fpa.Rd:42-43: Lost braces 42 | stocks. \doi{10.17895/ices.pub.3036}{\emph{ICES Advice | ^ checkRd: (-1) icesRound.Rd:64-65: Lost braces 64 | \doi{10.17895/ices.pub.3038}{\emph{ICES Advice Technical | ^ checkRd: (-1) mohn.Rd:71-72: Lost braces 71 | \doi{10.17895/ices.pub.5997}{\emph{ICES Scientific Reports | ^ Flavors: r-devel-linux-x86_64-debian-clang, r-devel-linux-x86_64-debian-gcc, r-devel-linux-x86_64-fedora-clang, r-devel-linux-x86_64-fedora-gcc, r-devel-windows-x86_64, r-patched-linux-x86_64, r-release-linux-x86_64, r-release-macos-arm64, r-release-macos-x86_64, r-release-windows-x86_64, r-oldrel-macos-arm64, r-oldrel-macos-x86_64, r-oldrel-windows-x86_64