Last updated on 2024-07-27 01:53:13 CEST.
Flavor | Version | Tinstall | Tcheck | Ttotal | Status | Flags |
---|---|---|---|---|---|---|
r-devel-linux-x86_64-debian-clang | 4.2.0 | 4.12 | 47.04 | 51.16 | OK | |
r-devel-linux-x86_64-debian-gcc | 4.2.0 | 3.73 | 35.43 | 39.16 | NOTE | |
r-devel-linux-x86_64-fedora-clang | 4.2.0 | 67.51 | OK | |||
r-devel-linux-x86_64-fedora-gcc | 4.2.0 | 60.17 | OK | |||
r-devel-windows-x86_64 | 4.2.0 | 7.00 | 56.00 | 63.00 | NOTE | |
r-patched-linux-x86_64 | 4.2.0 | OK | ||||
r-release-linux-x86_64 | 4.2.0 | 4.25 | 45.20 | 49.45 | OK | |
r-release-macos-arm64 | 4.2.0 | 23.00 | OK | |||
r-release-macos-x86_64 | 4.2.0 | 32.00 | OK | |||
r-release-windows-x86_64 | 4.2.0 | 5.00 | 56.00 | 61.00 | OK | |
r-oldrel-macos-arm64 | 4.2.0 | 22.00 | OK | |||
r-oldrel-macos-x86_64 | 4.2.0 | 31.00 | OK | |||
r-oldrel-windows-x86_64 | 4.2.0 | 7.00 | 60.00 | 67.00 | OK |
Version: 4.2.0
Check: Rd cross-references
Result: NOTE
Found the following Rd file(s) with Rd \link{} targets missing package
anchors:
taf.colors.Rd: TAF-package
taf.skeleton.sa.org.Rd: TAF-package
Please provide package anchors for all Rd \link{} targets not in the
package itself and the base packages.
Flavors: r-devel-linux-x86_64-debian-gcc, r-devel-windows-x86_64