Last updated on 2025-11-13 02:52:22 CET.
| Flavor | Version | Tinstall | Tcheck | Ttotal | Status | Flags |
|---|---|---|---|---|---|---|
| r-devel-linux-x86_64-debian-clang | 0.1.2 | 14.06 | 155.31 | 169.37 | NOTE | |
| r-devel-linux-x86_64-debian-gcc | 0.1.2 | 10.25 | 112.44 | 122.69 | NOTE | |
| r-devel-linux-x86_64-fedora-clang | 0.1.2 | 42.00 | 239.21 | 281.21 | OK | |
| r-devel-linux-x86_64-fedora-gcc | 0.1.2 | 28.00 | 231.01 | 259.01 | OK | |
| r-devel-windows-x86_64 | 0.1.2 | 17.00 | 157.00 | 174.00 | OK | |
| r-patched-linux-x86_64 | 0.1.2 | 11.45 | 148.91 | 160.36 | OK | |
| r-release-linux-x86_64 | 0.1.2 | 12.71 | 148.52 | 161.23 | OK | |
| r-release-macos-arm64 | 0.1.2 | 8.00 | 80.00 | 88.00 | OK | |
| r-release-macos-x86_64 | 0.1.2 | 12.00 | 126.00 | 138.00 | OK | |
| r-release-windows-x86_64 | 0.1.2 | 15.00 | 158.00 | 173.00 | OK | |
| r-oldrel-macos-arm64 | 0.1.2 | 6.00 | 59.00 | 65.00 | OK | |
| r-oldrel-macos-x86_64 | 0.1.2 | 8.00 | 94.00 | 102.00 | OK | |
| r-oldrel-windows-x86_64 | 0.1.2 | 20.00 | 199.00 | 219.00 | OK |
Version: 0.1.2
Check: CRAN incoming feasibility
Result: NOTE
Maintainer: ‘Ang Dong <fantasys05227@gmail.com>’
No Authors@R field in DESCRIPTION.
Please add one, modifying
Authors@R: person(given = "Ang",
family = "Dong",
role = c("aut", "cre"),
email = "fantasys05227@gmail.com")
as necessary.
Flavors: r-devel-linux-x86_64-debian-clang, r-devel-linux-x86_64-debian-gcc