Last updated on 2024-07-27 01:53:14 CEST.
Flavor | Version | Tinstall | Tcheck | Ttotal | Status | Flags |
---|---|---|---|---|---|---|
r-devel-linux-x86_64-debian-clang | 0.1.0 | 4.29 | 30.43 | 34.72 | OK | |
r-devel-linux-x86_64-debian-gcc | 0.1.0 | 3.79 | 23.74 | 27.53 | OK | |
r-devel-linux-x86_64-fedora-clang | 0.1.0 | 45.83 | NOTE | |||
r-devel-linux-x86_64-fedora-gcc | 0.1.0 | 41.66 | NOTE | |||
r-devel-windows-x86_64 | 0.1.0 | 8.00 | 46.00 | 54.00 | OK | |
r-patched-linux-x86_64 | 0.1.0 | OK | ||||
r-release-linux-x86_64 | 0.1.0 | 3.73 | 29.32 | 33.05 | OK | |
r-release-macos-arm64 | 0.1.0 | 20.00 | OK | |||
r-release-macos-x86_64 | 0.1.0 | 41.00 | OK | |||
r-release-windows-x86_64 | 0.1.0 | 5.00 | 46.00 | 51.00 | OK | |
r-oldrel-macos-arm64 | 0.1.0 | 27.00 | OK | |||
r-oldrel-macos-x86_64 | 0.1.0 | 39.00 | OK | |||
r-oldrel-windows-x86_64 | 0.1.0 | 7.00 | 46.00 | 53.00 | OK |
Version: 0.1.0
Check: data for non-ASCII characters
Result: NOTE
Note: found 51 marked UTF-8 strings
Flavors: r-devel-linux-x86_64-fedora-clang, r-devel-linux-x86_64-fedora-gcc