CRAN Package Check Results for Package impimp

Last updated on 2025-05-07 01:49:59 CEST.

Flavor Version Tinstall Tcheck Ttotal Status Flags
r-devel-linux-x86_64-debian-clang 0.3.1 2.26 19.64 21.90 OK
r-devel-linux-x86_64-debian-gcc 0.3.1 1.57 15.99 17.56 OK
r-devel-linux-x86_64-fedora-clang 0.3.1 33.84 OK
r-devel-linux-x86_64-fedora-gcc 0.3.1 33.57 OK
r-devel-windows-x86_64 0.3.1 4.00 41.00 45.00 OK
r-patched-linux-x86_64 0.3.1 2.16 18.71 20.87 OK
r-release-linux-x86_64 0.3.1 2.11 18.90 21.01 OK
r-release-macos-arm64 0.3.1 16.00 OK
r-release-macos-x86_64 0.3.1 25.00 OK
r-release-windows-x86_64 0.3.1 3.00 45.00 48.00 OK
r-oldrel-macos-arm64 0.3.1 14.00 NOTE
r-oldrel-macos-x86_64 0.3.1 23.00 NOTE
r-oldrel-windows-x86_64 0.3.1 3.00 41.00 44.00 NOTE

Check Details

Version: 0.3.1
Check: LazyData
Result: NOTE 'LazyData' is specified without a 'data' directory Flavors: r-oldrel-macos-arm64, r-oldrel-macos-x86_64, r-oldrel-windows-x86_64