Last updated on 2024-07-27 01:53:14 CEST.
Flavor | Version | Tinstall | Tcheck | Ttotal | Status | Flags |
---|---|---|---|---|---|---|
r-devel-linux-x86_64-debian-clang | 0.2.2.4 | 2.57 | 32.27 | 34.84 | OK | |
r-devel-linux-x86_64-debian-gcc | 0.2.2.4 | 1.98 | 24.67 | 26.65 | OK | |
r-devel-linux-x86_64-fedora-clang | 0.2.2.4 | 47.01 | NOTE | |||
r-devel-linux-x86_64-fedora-gcc | 0.2.2.4 | 55.78 | NOTE | |||
r-devel-windows-x86_64 | 0.2.2.4 | 4.00 | 46.00 | 50.00 | OK | |
r-patched-linux-x86_64 | 0.2.2.4 | OK | ||||
r-release-linux-x86_64 | 0.2.2.4 | 1.50 | 30.47 | 31.97 | OK | |
r-release-macos-arm64 | 0.2.2.4 | 23.00 | OK | |||
r-release-macos-x86_64 | 0.2.2.4 | 34.00 | OK | |||
r-release-windows-x86_64 | 0.2.2.4 | 4.00 | 45.00 | 49.00 | OK | |
r-oldrel-macos-arm64 | 0.2.2.4 | 23.00 | OK | |||
r-oldrel-macos-x86_64 | 0.2.2.4 | 33.00 | OK | |||
r-oldrel-windows-x86_64 | 0.2.2.4 | 4.00 | 46.00 | 50.00 | OK |
Version: 0.2.2.4
Check: dependencies in R code
Result: NOTE
Namespace in Imports field not imported from: ‘pscl’
All declared Imports should be used.
Flavors: r-devel-linux-x86_64-fedora-clang, r-devel-linux-x86_64-fedora-gcc