Last updated on 2025-11-20 02:49:17 CET.
| Flavor | Version | Tinstall | Tcheck | Ttotal | Status | Flags |
|---|---|---|---|---|---|---|
| r-devel-linux-x86_64-debian-clang | 0.1.0 | 7.97 | 67.39 | 75.36 | NOTE | |
| r-devel-linux-x86_64-debian-gcc | 0.1.0 | 6.13 | 51.25 | 57.38 | NOTE | |
| r-devel-linux-x86_64-fedora-clang | 0.1.0 | 17.00 | 98.33 | 115.33 | OK | |
| r-devel-linux-x86_64-fedora-gcc | 0.1.0 | 14.00 | 93.30 | 107.30 | OK | |
| r-devel-windows-x86_64 | 0.1.0 | 9.00 | 74.00 | 83.00 | OK | |
| r-patched-linux-x86_64 | 0.1.0 | 6.96 | 64.02 | 70.98 | OK | |
| r-release-linux-x86_64 | 0.1.0 | 6.69 | 63.82 | 70.51 | OK | |
| r-release-macos-arm64 | 0.1.0 | OK | ||||
| r-release-macos-x86_64 | 0.1.0 | 7.00 | 68.00 | 75.00 | OK | |
| r-release-windows-x86_64 | 0.1.0 | 8.00 | 72.00 | 80.00 | OK | |
| r-oldrel-macos-arm64 | 0.1.0 | OK | ||||
| r-oldrel-macos-x86_64 | 0.1.0 | 9.00 | 46.00 | 55.00 | OK | |
| r-oldrel-windows-x86_64 | 0.1.0 | 11.00 | 94.00 | 105.00 | OK |
Version: 0.1.0
Check: CRAN incoming feasibility
Result: NOTE
Maintainer: ‘Jonas Haslbeck <jonashaslbeck@gmail.com>’
No Authors@R field in DESCRIPTION.
Please add one, modifying
Authors@R: c(person(given = "Lourens",
family = "Waldorp",
role = "aut",
email = "waldorp@uva.nl"),
person(given = "Jonas",
family = "Haslbeck",
role = c("aut", "cre"),
email = "jonashaslbeck@gmail.com"))
as necessary.
Flavors: r-devel-linux-x86_64-debian-clang, r-devel-linux-x86_64-debian-gcc