CRAN Package Check Results for Package intRegGOF

Last updated on 2025-05-24 01:51:23 CEST.

Flavor Version Tinstall Tcheck Ttotal Status Flags
r-devel-linux-x86_64-debian-clang 0.85-5 1.85 21.31 23.16 NOTE
r-devel-linux-x86_64-debian-gcc 0.85-5 1.55 17.21 18.76 NOTE
r-devel-linux-x86_64-fedora-clang 0.85-5 36.40 OK
r-devel-linux-x86_64-fedora-gcc 0.85-5 34.82 OK
r-devel-windows-x86_64 0.85-5 4.00 56.00 60.00 OK
r-patched-linux-x86_64 0.85-5 2.03 20.47 22.50 OK
r-release-linux-x86_64 0.85-5 1.96 20.53 22.49 OK
r-release-macos-arm64 0.85-5 17.00 OK
r-release-macos-x86_64 0.85-5 34.00 OK
r-release-windows-x86_64 0.85-5 2.00 51.00 53.00 OK
r-oldrel-macos-arm64 0.85-5 17.00 OK
r-oldrel-macos-x86_64 0.85-5 23.00 OK
r-oldrel-windows-x86_64 0.85-5 3.00 48.00 51.00 OK

Check Details

Version: 0.85-5
Check: CRAN incoming feasibility
Result: NOTE Maintainer: ‘Jorge Luis Ojeda Cabrera <jojeda@unizar.es>’ No Authors@R field in DESCRIPTION. Please add one, modifying Authors@R: person(given = c("Jorge", "Luis", "Ojeda"), family = "Cabrera", role = c("aut", "cre"), email = "jojeda@unizar.es") as necessary. Flavors: r-devel-linux-x86_64-debian-clang, r-devel-linux-x86_64-debian-gcc