Last updated on 2025-02-05 02:48:51 CET.
Flavor | Version | Tinstall | Tcheck | Ttotal | Status | Flags |
---|---|---|---|---|---|---|
r-devel-linux-x86_64-debian-clang | 1.1-1.0 | 8.54 | 78.86 | 87.40 | NOTE | |
r-devel-linux-x86_64-debian-gcc | 1.1-1.0 | 6.16 | 59.20 | 65.36 | NOTE | |
r-devel-linux-x86_64-fedora-clang | 1.1-1.0 | 138.85 | NOTE | |||
r-devel-linux-x86_64-fedora-gcc | 1.1-1.0 | 144.19 | NOTE | |||
r-devel-windows-x86_64 | 1.1-1.0 | 9.00 | 112.00 | 121.00 | NOTE | |
r-patched-linux-x86_64 | 1.1-1.0 | 8.55 | 74.68 | 83.23 | NOTE | |
r-release-linux-x86_64 | 1.1-1.0 | 7.37 | 74.01 | 81.38 | NOTE | |
r-release-macos-arm64 | 1.1-1.0 | 44.00 | NOTE | |||
r-release-macos-x86_64 | 1.1-1.0 | 70.00 | NOTE | |||
r-release-windows-x86_64 | 1.1-1.0 | 9.00 | 109.00 | 118.00 | NOTE | |
r-oldrel-macos-arm64 | 1.1-1.0 | 51.00 | OK | |||
r-oldrel-macos-x86_64 | 1.1-1.0 | 131.00 | OK | |||
r-oldrel-windows-x86_64 | 1.1-1.0 | 13.00 | 123.00 | 136.00 | OK |
Version: 1.1-1.0
Check: Rd files
Result: NOTE
checkRd: (-1) interval-internal.Rd:40: Lost braces
40 | \item{dqfunc}{function, density of the results of the quantile function, e.g., function(x){dnorm(qnorm(x))} (used for 'general' scores,
| ^
Flavors: r-devel-linux-x86_64-debian-clang, r-devel-linux-x86_64-debian-gcc, r-devel-linux-x86_64-fedora-clang, r-devel-linux-x86_64-fedora-gcc, r-devel-windows-x86_64, r-patched-linux-x86_64, r-release-linux-x86_64, r-release-macos-arm64, r-release-macos-x86_64, r-release-windows-x86_64