CRAN Package Check Results for Package ipa

Last updated on 2025-05-25 02:50:09 CEST.

Flavor Version Tinstall Tcheck Ttotal Status Flags
r-devel-linux-x86_64-debian-clang 0.1.0 1.76 20.42 22.18 NOTE
r-devel-linux-x86_64-debian-gcc 0.1.0 1.31 16.66 17.97 NOTE
r-devel-linux-x86_64-fedora-clang 0.1.0 32.47 OK
r-devel-linux-x86_64-fedora-gcc 0.1.0 30.89 OK
r-devel-windows-x86_64 0.1.0 3.00 82.00 85.00 OK
r-patched-linux-x86_64 0.1.0 1.76 18.35 20.11 OK
r-release-linux-x86_64 0.1.0 1.71 18.44 20.15 OK
r-release-macos-arm64 0.1.0 16.00 OK
r-release-macos-x86_64 0.1.0 26.00 OK
r-release-windows-x86_64 0.1.0 3.00 42.00 45.00 OK
r-oldrel-macos-arm64 0.1.0 15.00 NOTE
r-oldrel-macos-x86_64 0.1.0 22.00 NOTE
r-oldrel-windows-x86_64 0.1.0 4.00 45.00 49.00 NOTE

Check Details

Version: 0.1.0
Check: CRAN incoming feasibility
Result: NOTE Maintainer: ‘Alexander Rossell Hayes <alexander@rossellhayes.com>’ Package CITATION file contains call(s) to old-style citEntry(). Please use bibentry() instead. Flavors: r-devel-linux-x86_64-debian-clang, r-devel-linux-x86_64-debian-gcc

Version: 0.1.0
Check: LazyData
Result: NOTE 'LazyData' is specified without a 'data' directory Flavors: r-oldrel-macos-arm64, r-oldrel-macos-x86_64, r-oldrel-windows-x86_64