Last updated on 2024-07-27 01:53:14 CEST.
Flavor | Version | Tinstall | Tcheck | Ttotal | Status | Flags |
---|---|---|---|---|---|---|
r-devel-linux-x86_64-debian-clang | 1.0.2 | 112.51 | 79.88 | 192.39 | OK | |
r-devel-linux-x86_64-debian-gcc | 1.0.2 | 80.31 | 60.49 | 140.80 | OK | |
r-devel-linux-x86_64-fedora-clang | 1.0.2 | 363.46 | OK | |||
r-devel-linux-x86_64-fedora-gcc | 1.0.2 | 320.04 | OK | |||
r-devel-windows-x86_64 | 1.0.2 | 108.00 | 104.00 | 212.00 | OK | |
r-patched-linux-x86_64 | 1.0.2 | OK | ||||
r-release-linux-x86_64 | 1.0.2 | 98.65 | 78.01 | 176.66 | OK | |
r-release-macos-arm64 | 1.0.2 | 90.00 | NOTE | |||
r-release-macos-x86_64 | 1.0.2 | 104.00 | NOTE | |||
r-release-windows-x86_64 | 1.0.2 | 136.00 | 100.00 | 236.00 | OK | |
r-oldrel-macos-arm64 | 1.0.2 | 95.00 | NOTE | |||
r-oldrel-macos-x86_64 | 1.0.2 | 131.00 | NOTE | |||
r-oldrel-windows-x86_64 | 1.0.2 | 123.00 | 130.00 | 253.00 | OK |
Version: 1.0.2
Check: installed package size
Result: NOTE
installed size is 6.9Mb
sub-directories of 1Mb or more:
libs 6.4Mb
Flavors: r-release-macos-arm64, r-release-macos-x86_64, r-oldrel-macos-arm64, r-oldrel-macos-x86_64