Last updated on 2025-07-17 02:49:28 CEST.
Flavor | Version | Tinstall | Tcheck | Ttotal | Status | Flags |
---|---|---|---|---|---|---|
r-devel-linux-x86_64-debian-clang | 1.0.0 | 4.96 | 173.74 | 178.70 | OK | |
r-devel-linux-x86_64-debian-gcc | 1.0.0 | 4.21 | 124.89 | 129.10 | OK | |
r-devel-linux-x86_64-fedora-clang | 1.0.0 | 228.30 | OK | |||
r-devel-linux-x86_64-fedora-gcc | 1.0.0 | 251.79 | OK | |||
r-devel-windows-x86_64 | 1.0.0 | 7.00 | 129.00 | 136.00 | OK | |
r-patched-linux-x86_64 | 1.0.0 | 5.13 | 161.40 | 166.53 | OK | |
r-release-linux-x86_64 | 1.0.0 | 4.70 | 162.03 | 166.73 | OK | |
r-release-macos-arm64 | 1.0.0 | 81.00 | OK | |||
r-release-macos-x86_64 | 1.0.0 | 114.00 | OK | |||
r-release-windows-x86_64 | 1.0.0 | 8.00 | 130.00 | 138.00 | OK | |
r-oldrel-macos-arm64 | 1.0.0 | 61.00 | NOTE | |||
r-oldrel-macos-x86_64 | 1.0.0 | 96.00 | NOTE | |||
r-oldrel-windows-x86_64 | 1.0.0 | 10.00 | 174.00 | 184.00 | NOTE |
Version: 1.0.0
Check: installed package size
Result: NOTE
installed size is 5.6Mb
sub-directories of 1Mb or more:
doc 5.2Mb
Flavors: r-oldrel-macos-arm64, r-oldrel-macos-x86_64, r-oldrel-windows-x86_64