Last updated on 2025-05-04 02:50:08 CEST.
Flavor | Version | Tinstall | Tcheck | Ttotal | Status | Flags |
---|---|---|---|---|---|---|
r-devel-linux-x86_64-debian-clang | 1.2.1 | 10.50 | 81.52 | 92.02 | NOTE | |
r-devel-linux-x86_64-debian-gcc | 1.2.1 | 6.38 | 59.37 | 65.75 | NOTE | |
r-devel-linux-x86_64-fedora-clang | 1.2.1 | 141.43 | OK | |||
r-devel-linux-x86_64-fedora-gcc | 1.2.1 | 141.97 | OK | |||
r-devel-windows-x86_64 | 1.2.1 | 10.00 | 92.00 | 102.00 | NOTE | |
r-patched-linux-x86_64 | 1.2.1 | 8.78 | 78.32 | 87.10 | NOTE | |
r-release-linux-x86_64 | NOTE | |||||
r-release-macos-arm64 | 1.2.1 | 41.00 | OK | |||
r-release-macos-x86_64 | 1.2.1 | 80.00 | OK | |||
r-release-windows-x86_64 | 1.2.1 | 11.00 | 90.00 | 101.00 | NOTE | |
r-oldrel-macos-arm64 | 1.2.1 | 41.00 | OK | |||
r-oldrel-macos-x86_64 | 1.2.1 | 60.00 | OK | |||
r-oldrel-windows-x86_64 | 1.2.1 | 13.00 | 120.00 | 133.00 | OK |
Version: 1.2.1
Check: CRAN incoming feasibility
Result: NOTE
Maintainer: ‘Willem M. van der Wal <willem@vanderwalresearch.com>’
Package CITATION file contains call(s) to old-style personList() or
as.personList(). Please use c() on person objects instead.
Package CITATION file contains call(s) to old-style citEntry(). Please
use bibentry() instead.
Flavors: r-devel-linux-x86_64-debian-clang, r-devel-linux-x86_64-debian-gcc
Version: 1.2.1
Check: Rd cross-references
Result: NOTE
Found the following Rd file(s) with Rd \link{} targets missing package
anchors:
ipwpoint.Rd: multinom, polr
ipwtm.Rd: coxph, multinom, polr, geeglm
Please provide package anchors for all Rd \link{} targets not in the
package itself and the base packages.
Flavors: r-devel-linux-x86_64-debian-clang, r-devel-linux-x86_64-debian-gcc, r-devel-windows-x86_64, r-patched-linux-x86_64, r-release-linux-x86_64, r-release-windows-x86_64