Last updated on 2025-05-05 01:50:50 CEST.
Flavor | Version | Tinstall | Tcheck | Ttotal | Status | Flags |
---|---|---|---|---|---|---|
r-devel-linux-x86_64-debian-clang | 2.1 | 3.45 | 24.29 | 27.74 | NOTE | |
r-devel-linux-x86_64-debian-gcc | 2.1 | 2.59 | 18.11 | 20.70 | NOTE | |
r-devel-linux-x86_64-fedora-clang | 2.1 | 44.47 | OK | |||
r-devel-linux-x86_64-fedora-gcc | 2.1 | 45.01 | OK | |||
r-devel-windows-x86_64 | 2.1 | 5.00 | 43.00 | 48.00 | OK | |
r-patched-linux-x86_64 | 2.1 | 4.25 | 23.33 | 27.58 | OK | |
r-release-linux-x86_64 | 2.1 | 4.20 | 23.31 | 27.51 | OK | |
r-release-macos-arm64 | 2.1 | 18.00 | OK | |||
r-release-macos-x86_64 | 2.1 | 28.00 | OK | |||
r-release-windows-x86_64 | 2.1 | 6.00 | 46.00 | 52.00 | OK | |
r-oldrel-macos-arm64 | 2.1 | 16.00 | OK | |||
r-oldrel-macos-x86_64 | 2.1 | 23.00 | OK | |||
r-oldrel-windows-x86_64 | 2.1 | 5.00 | 42.00 | 47.00 | OK |
Version: 2.1
Check: CRAN incoming feasibility
Result: NOTE
Maintainer: ‘Di Shu <shudi1991@gmail.com>’
No Authors@R field in DESCRIPTION.
Please add one, modifying
Authors@R: c(person(given = "Di",
family = "Shu",
role = c("aut", "cre"),
email = "shudi1991@gmail.com"),
person(given = c("Grace", "Y."),
family = "Yi",
role = "aut",
email = "yyi@uwaterloo.ca"))
as necessary.
Flavors: r-devel-linux-x86_64-debian-clang, r-devel-linux-x86_64-debian-gcc