Last updated on 2025-05-26 02:50:20 CEST.
Flavor | Version | Tinstall | Tcheck | Ttotal | Status | Flags |
---|---|---|---|---|---|---|
r-devel-linux-x86_64-debian-clang | 6.1.0 | 213.21 | 293.13 | 506.34 | OK | |
r-devel-linux-x86_64-debian-gcc | 6.1.0 | 163.27 | 184.27 | 347.54 | OK | |
r-devel-linux-x86_64-fedora-clang | 6.1.0 | 829.51 | OK | |||
r-devel-linux-x86_64-fedora-gcc | 6.1.0 | 947.89 | OK | |||
r-devel-windows-x86_64 | 6.1.0 | 215.00 | 331.00 | 546.00 | OK | |
r-patched-linux-x86_64 | 6.1.0 | 219.34 | 273.40 | 492.74 | OK | |
r-release-linux-x86_64 | 6.1.0 | 218.22 | 275.94 | 494.16 | OK | |
r-release-macos-arm64 | 6.1.0 | 246.00 | OK | |||
r-release-macos-x86_64 | 6.1.0 | 328.00 | OK | |||
r-release-windows-x86_64 | 6.1.0 | 217.00 | 333.00 | 550.00 | OK | |
r-oldrel-macos-arm64 | 6.1.0 | 198.00 | NOTE | |||
r-oldrel-macos-x86_64 | 6.1.0 | 387.00 | NOTE | |||
r-oldrel-windows-x86_64 | 6.1.0 | 268.00 | 452.00 | 720.00 | OK |
Version: 6.1.0
Check: installed package size
Result: NOTE
installed size is 35.7Mb
sub-directories of 1Mb or more:
libs 35.2Mb
Flavors: r-oldrel-macos-arm64, r-oldrel-macos-x86_64