Last updated on 2025-05-05 01:50:50 CEST.
Flavor | Version | Tinstall | Tcheck | Ttotal | Status | Flags |
---|---|---|---|---|---|---|
r-devel-linux-x86_64-debian-clang | 0.1.0 | 6.83 | 53.75 | 60.58 | OK | |
r-devel-linux-x86_64-debian-gcc | 0.1.0 | 4.73 | 39.11 | 43.84 | OK | |
r-devel-linux-x86_64-fedora-clang | 0.1.0 | 92.39 | NOTE | |||
r-devel-linux-x86_64-fedora-gcc | 0.1.0 | 105.34 | NOTE | |||
r-devel-windows-x86_64 | 0.1.0 | 8.00 | 70.00 | 78.00 | OK | |
r-patched-linux-x86_64 | 0.1.0 | 5.63 | 51.09 | 56.72 | OK | |
r-release-linux-x86_64 | 0.1.0 | 6.44 | 51.73 | 58.17 | OK | |
r-release-macos-arm64 | 0.1.0 | 32.00 | OK | |||
r-release-macos-x86_64 | 0.1.0 | 59.00 | OK | |||
r-release-windows-x86_64 | 0.1.0 | 9.00 | 70.00 | 79.00 | OK | |
r-oldrel-macos-arm64 | 0.1.0 | 31.00 | OK | |||
r-oldrel-macos-x86_64 | 0.1.0 | 52.00 | OK | |||
r-oldrel-windows-x86_64 | 0.1.0 | 10.00 | 85.00 | 95.00 | OK |
Version: 0.1.0
Check: dependencies in R code
Result: NOTE
Namespaces in Imports field not imported from:
‘fBasics’ ‘reshape’ ‘tidyr’ ‘utils’
All declared Imports should be used.
Flavors: r-devel-linux-x86_64-fedora-clang, r-devel-linux-x86_64-fedora-gcc