Last updated on 2024-07-27 01:53:14 CEST.
Flavor | Version | Tinstall | Tcheck | Ttotal | Status | Flags |
---|---|---|---|---|---|---|
r-devel-linux-x86_64-debian-clang | 0.1.0 | 4.65 | 45.32 | 49.97 | OK | |
r-devel-linux-x86_64-debian-gcc | 0.1.0 | 3.79 | 34.77 | 38.56 | OK | |
r-devel-linux-x86_64-fedora-clang | 0.1.0 | 64.95 | NOTE | |||
r-devel-linux-x86_64-fedora-gcc | 0.1.0 | 60.95 | NOTE | |||
r-devel-windows-x86_64 | 0.1.0 | 7.00 | 61.00 | 68.00 | OK | |
r-patched-linux-x86_64 | 0.1.0 | OK | ||||
r-release-linux-x86_64 | 0.1.0 | 3.02 | 44.36 | 47.38 | OK | |
r-release-macos-arm64 | 0.1.0 | 22.00 | OK | |||
r-release-macos-x86_64 | 0.1.0 | 35.00 | OK | |||
r-release-windows-x86_64 | 0.1.0 | 6.00 | 62.00 | 68.00 | OK | |
r-oldrel-macos-arm64 | 0.1.0 | 23.00 | OK | |||
r-oldrel-macos-x86_64 | 0.1.0 | 29.00 | OK | |||
r-oldrel-windows-x86_64 | 0.1.0 | 7.00 | 66.00 | 73.00 | OK |
Version: 0.1.0
Check: data for non-ASCII characters
Result: NOTE
Note: found 1984 marked UTF-8 strings
Flavors: r-devel-linux-x86_64-fedora-clang, r-devel-linux-x86_64-fedora-gcc