Last updated on 2024-07-27 01:53:14 CEST.
Flavor | Version | Tinstall | Tcheck | Ttotal | Status | Flags |
---|---|---|---|---|---|---|
r-devel-linux-x86_64-debian-clang | 1.2.0 | 11.07 | 352.38 | 363.45 | OK | |
r-devel-linux-x86_64-debian-gcc | 1.2.0 | 8.92 | 279.01 | 287.93 | NOTE | |
r-devel-linux-x86_64-fedora-clang | 1.2.0 | 468.65 | OK | |||
r-devel-linux-x86_64-fedora-gcc | 1.2.0 | 458.29 | OK | |||
r-devel-windows-x86_64 | 1.2.0 | 10.00 | 321.00 | 331.00 | NOTE | |
r-patched-linux-x86_64 | 1.2.0 | OK | ||||
r-release-linux-x86_64 | 1.2.0 | 9.44 | 352.81 | 362.25 | OK | |
r-release-macos-arm64 | 1.2.0 | 170.00 | OK | |||
r-release-macos-x86_64 | 1.2.0 | 308.00 | OK | |||
r-release-windows-x86_64 | 1.2.0 | 12.00 | 335.00 | 347.00 | OK | |
r-oldrel-macos-arm64 | 1.2.0 | 152.00 | OK | |||
r-oldrel-macos-x86_64 | 1.2.0 | 426.00 | OK | |||
r-oldrel-windows-x86_64 | 1.2.0 | 13.00 | 378.00 | 391.00 | OK |
Version: 1.2.0
Check: Rd cross-references
Result: NOTE
Found the following Rd file(s) with Rd \link{} targets missing package
anchors:
fit_model.Rd: Dirichlet
Please provide package anchors for all Rd \link{} targets not in the
package itself and the base packages.
Flavors: r-devel-linux-x86_64-debian-gcc, r-devel-windows-x86_64