Last updated on 2024-07-27 01:53:14 CEST.
Flavor | Version | Tinstall | Tcheck | Ttotal | Status | Flags |
---|---|---|---|---|---|---|
r-devel-linux-x86_64-debian-clang | 2.1.0 | 13.74 | 108.77 | 122.51 | OK | |
r-devel-linux-x86_64-debian-gcc | 2.1.0 | 8.60 | 79.20 | 87.80 | NOTE | |
r-devel-linux-x86_64-fedora-clang | 2.1.1 | 82.77 | OK | |||
r-devel-linux-x86_64-fedora-gcc | 2.1.1 | 83.89 | OK | |||
r-devel-windows-x86_64 | 2.1.0 | 9.00 | 97.00 | 106.00 | NOTE | |
r-patched-linux-x86_64 | 2.1.0 | OK | ||||
r-release-linux-x86_64 | 2.1.0 | 12.40 | 102.31 | 114.71 | OK | |
r-release-macos-arm64 | 2.1.1 | 46.00 | OK | |||
r-release-macos-x86_64 | 2.1.1 | 152.00 | OK | |||
r-release-windows-x86_64 | 2.1.0 | 10.00 | 95.00 | 105.00 | OK | |
r-oldrel-macos-arm64 | 2.1.1 | 61.00 | OK | |||
r-oldrel-macos-x86_64 | 2.1.1 | 105.00 | OK | |||
r-oldrel-windows-x86_64 | 2.1.0 | 9.00 | 112.00 | 121.00 | OK |
Version: 2.1.0
Check: Rd cross-references
Result: NOTE
Found the following Rd file(s) with Rd \link{} targets missing package
anchors:
AoristicSum-class.Rd: RataDie-class
aoristic.Rd: TimeScale-class
data.frame.Rd: TimeScale-class
event.Rd: TimeScale-class
fit.Rd: TimeScale-class
mcd.Rd: TimeScale-class
model.Rd: TimeScale-class
plot_aoristic.Rd: TimeScale-class
plot_event.Rd: TimeScale-class
plot_fit.Rd: TimeScale-class
plot_mcd.Rd: TimeScale-class
plot_time.Rd: TimeScale-class
predict_event.Rd: TimeScale-class
resample_mcd.Rd: TimeScale-class
series.Rd: TimeScale-class
Please provide package anchors for all Rd \link{} targets not in the
package itself and the base packages.
Flavors: r-devel-linux-x86_64-debian-gcc, r-devel-windows-x86_64