Last updated on 2025-05-07 01:50:00 CEST.
Flavor | Version | Tinstall | Tcheck | Ttotal | Status | Flags |
---|---|---|---|---|---|---|
r-devel-linux-x86_64-debian-clang | 0.1 | 31.29 | 259.29 | 290.58 | NOTE | |
r-devel-linux-x86_64-debian-gcc | 0.1 | 20.65 | 164.90 | 185.55 | NOTE | |
r-devel-linux-x86_64-fedora-clang | 0.1 | 449.52 | OK | |||
r-devel-linux-x86_64-fedora-gcc | 0.1 | 436.61 | OK | |||
r-devel-windows-x86_64 | 0.1 | 28.00 | 193.00 | 221.00 | OK | |
r-patched-linux-x86_64 | 0.1 | 27.54 | 243.92 | 271.46 | OK | |
r-release-linux-x86_64 | 0.1 | 29.28 | 242.89 | 272.17 | OK | |
r-release-macos-arm64 | 0.1 | 86.00 | OK | |||
r-release-macos-x86_64 | 0.1 | 189.00 | OK | |||
r-release-windows-x86_64 | 0.1 | 28.00 | 196.00 | 224.00 | OK | |
r-oldrel-macos-arm64 | 0.1 | 86.00 | OK | |||
r-oldrel-macos-x86_64 | 0.1 | 144.00 | OK | |||
r-oldrel-windows-x86_64 | 0.1 | 39.00 | 267.00 | 306.00 | OK |
Version: 0.1
Check: CRAN incoming feasibility
Result: NOTE
Maintainer: ‘Claudia Vitolo <cvitolodev@gmail.com>’
No Authors@R field in DESCRIPTION.
Please add one, modifying
Authors@R: c(person(given = "Claudia",
family = "Vitolo",
role = c("aut", "cre"),
email = "cvitolodev@gmail.com"),
person(given = "Allan",
family = "Tucker",
role = "aut"),
person(given = "Andrew",
family = "Russell",
role = "aut"))
as necessary.
The Description field contains
http://www.brunel.ac.uk/ife/britishcouncil). It refers to the
Please enclose URLs in angle brackets (<...>).
Flavors: r-devel-linux-x86_64-debian-clang, r-devel-linux-x86_64-debian-gcc