Last updated on 2025-07-17 02:49:28 CEST.
Flavor | Version | Tinstall | Tcheck | Ttotal | Status | Flags |
---|---|---|---|---|---|---|
r-devel-linux-x86_64-debian-clang | 1.4.0 | 48.58 | 941.49 | 990.07 | OK | |
r-devel-linux-x86_64-debian-gcc | 1.4.0 | 42.31 | 586.38 | 628.69 | OK | |
r-devel-linux-x86_64-fedora-clang | 1.4.0 | 1416.95 | OK | |||
r-devel-linux-x86_64-fedora-gcc | 1.4.0 | 1344.26 | OK | |||
r-devel-windows-x86_64 | 1.4.0 | 60.00 | 1108.00 | 1168.00 | OK | |
r-patched-linux-x86_64 | 1.4.0 | 242.04 | 868.00 | 1110.04 | OK | |
r-release-linux-x86_64 | 1.4.0 | 47.96 | 867.20 | 915.16 | OK | |
r-release-macos-arm64 | 1.4.0 | 237.00 | OK | |||
r-release-macos-x86_64 | 1.4.0 | 501.00 | OK | |||
r-release-windows-x86_64 | 1.4.0 | 58.00 | 1099.00 | 1157.00 | OK | |
r-oldrel-macos-arm64 | 1.4.0 | 244.00 | NOTE | |||
r-oldrel-macos-x86_64 | 1.4.0 | 623.00 | NOTE | |||
r-oldrel-windows-x86_64 | 1.4.0 | 74.00 | 1256.00 | 1330.00 | NOTE |
Version: 1.4.0
Check: installed package size
Result: NOTE
installed size is 14.5Mb
sub-directories of 1Mb or more:
doc 3.3Mb
help 10.3Mb
Flavors: r-oldrel-macos-arm64, r-oldrel-macos-x86_64, r-oldrel-windows-x86_64