CRAN Package Check Results for Package klsh

Last updated on 2025-11-16 01:49:19 CET.

Flavor Version Tinstall Tcheck Ttotal Status Flags
r-devel-linux-x86_64-debian-clang 0.1.0 2.11 225.67 227.78 OK
r-devel-linux-x86_64-debian-gcc 0.1.0 1.84 123.49 125.33 OK
r-devel-linux-x86_64-fedora-clang 0.1.0 11.00 300.25 311.25 NOTE
r-devel-linux-x86_64-fedora-gcc 0.1.0 317.65 NOTE
r-devel-windows-x86_64 0.1.0 7.00 216.00 223.00 OK
r-patched-linux-x86_64 0.1.0 2.53 168.85 171.38 OK
r-release-linux-x86_64 0.1.0 1.93 170.37 172.30 OK
r-release-macos-arm64 0.1.0 1.00 99.00 100.00 OK
r-release-macos-x86_64 0.1.0 2.00 206.00 208.00 OK
r-release-windows-x86_64 0.1.0 4.00 194.00 198.00 OK
r-oldrel-macos-arm64 0.1.0 1.00 79.00 80.00 NOTE
r-oldrel-macos-x86_64 0.1.0 2.00 133.00 135.00 NOTE
r-oldrel-windows-x86_64 0.1.0 5.00 261.00 266.00 NOTE

Check Details

Version: 0.1.0
Check: dependencies in R code
Result: NOTE Namespaces in Imports field not imported from: ‘Rcpp’ ‘SnowballC’ ‘stringi’ All declared Imports should be used. Flavors: r-devel-linux-x86_64-fedora-clang, r-devel-linux-x86_64-fedora-gcc

Version: 0.1.0
Check: LazyData
Result: NOTE 'LazyData' is specified without a 'data' directory Flavors: r-oldrel-macos-arm64, r-oldrel-macos-x86_64, r-oldrel-windows-x86_64