Last updated on 2024-07-27 01:53:14 CEST.
Flavor | Version | Tinstall | Tcheck | Ttotal | Status | Flags |
---|---|---|---|---|---|---|
r-devel-linux-x86_64-debian-clang | 2.4.6.1 | 10.51 | 70.96 | 81.47 | OK | |
r-devel-linux-x86_64-debian-gcc | 2.4.6.1 | 8.40 | 53.94 | 62.34 | NOTE | |
r-devel-linux-x86_64-fedora-clang | 2.4.6.1 | 103.72 | NOTE | |||
r-devel-linux-x86_64-fedora-gcc | 2.4.6.1 | 98.82 | OK | |||
r-devel-windows-x86_64 | 2.4.6.1 | 16.00 | 76.00 | 92.00 | NOTE | |
r-patched-linux-x86_64 | 2.4.6.1 | OK | ||||
r-release-linux-x86_64 | 2.4.6.1 | 10.50 | 70.13 | 80.63 | OK | |
r-release-macos-arm64 | 2.4.6.1 | 44.00 | OK | |||
r-release-macos-x86_64 | 2.4.6.1 | 49.00 | OK | |||
r-release-windows-x86_64 | 2.4.6.1 | 11.00 | 75.00 | 86.00 | OK | |
r-oldrel-macos-arm64 | 2.4.6.1 | 40.00 | OK | |||
r-oldrel-macos-x86_64 | 2.4.6.1 | 69.00 | OK | |||
r-oldrel-windows-x86_64 | 2.4.6.1 | 16.00 | 80.00 | 96.00 | OK |
Version: 2.4.6.1
Check: Rd cross-references
Result: NOTE
Found the following Rd file(s) with Rd \link{} targets missing package
anchors:
ClusterLongData-class.Rd: Partition-class, plotCriterion,
LongData-class, ListPartition-class
ParKml-class.Rd: restoreRealData
choice.Rd: Partition-class
getBestPostProba.Rd: Partition-class
kml-package.Rd: Partition-class
kml.Rd: Partition-class, ordered,ListPartition
parKml.Rd: imputation, restoreRealData
plot.Rd: Partition-class, ParLongData-class, plotCriterion
plotMeans.Rd: Partition-class, ParLongData-class, ParWindows-class,
plotCriterion
plotTraj.Rd: Partition-class, ParLongData-class, ParWindows-class,
plotCriterion
Please provide package anchors for all Rd \link{} targets not in the
package itself and the base packages.
Flavors: r-devel-linux-x86_64-debian-gcc, r-devel-windows-x86_64
Version: 2.4.6.1
Check: Rd cross-references
Result: NOTE
Undeclared package ‘kml3d’ in Rd xrefs
Flavor: r-devel-linux-x86_64-fedora-clang