Last updated on 2025-10-25 01:51:04 CEST.
| Flavor | Version | Tinstall | Tcheck | Ttotal | Status | Flags |
|---|---|---|---|---|---|---|
| r-devel-linux-x86_64-debian-clang | 0.6.2 | 13.40 | 37.82 | 51.22 | NOTE | |
| r-devel-linux-x86_64-debian-gcc | 0.6.2 | 8.99 | 29.03 | 38.02 | NOTE | |
| r-devel-linux-x86_64-fedora-clang | 0.6.2 | 83.00 | 5.81 | 88.81 | OK | |
| r-devel-linux-x86_64-fedora-gcc | 0.6.2 | 28.00 | 47.24 | 75.24 | OK | |
| r-devel-windows-x86_64 | 0.6.2 | 16.00 | 77.00 | 93.00 | OK | |
| r-patched-linux-x86_64 | 0.6.2 | 13.15 | 37.40 | 50.55 | OK | |
| r-release-linux-x86_64 | 0.6.2 | 13.53 | 36.41 | 49.94 | OK | |
| r-release-macos-arm64 | 0.6.2 | 8.00 | 20.00 | 28.00 | OK | |
| r-release-macos-x86_64 | 0.6.2 | 13.00 | 34.00 | 47.00 | OK | |
| r-release-windows-x86_64 | 0.6.2 | 15.00 | 76.00 | 91.00 | OK | |
| r-oldrel-macos-arm64 | 0.6.2 | 8.00 | 19.00 | 27.00 | OK | |
| r-oldrel-macos-x86_64 | 0.6.2 | 11.00 | 28.00 | 39.00 | OK | |
| r-oldrel-windows-x86_64 | 0.6.2 | 20.00 | 89.00 | 109.00 | OK |
Version: 0.6.2
Check: CRAN incoming feasibility
Result: NOTE
Maintainer: ‘Jason S. Byers <jaybyers55@gmail.com>’
No Authors@R field in DESCRIPTION.
Please add one, modifying
Authors@R: c(person(given = c("Jason", "S."),
family = "Byers",
role = c("aut", "cre"),
email = "jaybyers55@gmail.com"),
person(family = "Le Bao",
role = "aut"),
person(given = "Jamie",
family = "Carson",
role = "aut"),
person(given = "Jeff",
family = "Gill",
role = "aut"))
as necessary.
Flavors: r-devel-linux-x86_64-debian-clang, r-devel-linux-x86_64-debian-gcc