Last updated on 2024-07-27 01:53:14 CEST.
Flavor | Version | Tinstall | Tcheck | Ttotal | Status | Flags |
---|---|---|---|---|---|---|
r-devel-linux-x86_64-debian-clang | 2024.5-8 | 14.48 | 86.71 | 101.19 | OK | |
r-devel-linux-x86_64-debian-gcc | 2024.5-8 | 12.16 | 62.25 | 74.41 | NOTE | |
r-devel-linux-x86_64-fedora-clang | 2024.5-8 | 132.11 | OK | |||
r-devel-linux-x86_64-fedora-gcc | 2024.5-8 | 129.36 | OK | |||
r-devel-windows-x86_64 | 2024.5-8 | 17.00 | 87.00 | 104.00 | NOTE | |
r-patched-linux-x86_64 | 2024.5-8 | OK | ||||
r-release-linux-x86_64 | 2024.5-8 | 15.64 | 83.89 | 99.53 | OK | |
r-release-macos-arm64 | 2024.5-8 | 62.00 | OK | |||
r-release-macos-x86_64 | 2024.5-8 | 61.00 | OK | |||
r-release-windows-x86_64 | 2024.5-8 | 19.00 | 88.00 | 107.00 | OK | |
r-oldrel-macos-arm64 | 2024.5-8 | 75.00 | OK | |||
r-oldrel-macos-x86_64 | 2024.5-8 | 143.00 | OK | |||
r-oldrel-windows-x86_64 | 2024.5-8 | 19.00 | 99.00 | 118.00 | OK |
Version: 2024.5-8
Check: Rd cross-references
Result: NOTE
Found the following Rd file(s) with Rd \link{} targets missing package
anchors:
cox.zph.2.Rd: cox.zph
Please provide package anchors for all Rd \link{} targets not in the
package itself and the base packages.
Flavors: r-devel-linux-x86_64-debian-gcc, r-devel-windows-x86_64