Last updated on 2025-11-13 01:50:24 CET.
| Flavor | Version | Tinstall | Tcheck | Ttotal | Status | Flags |
|---|---|---|---|---|---|---|
| r-devel-linux-x86_64-debian-clang | 1.2.0 | 12.99 | 110.59 | 123.58 | NOTE | |
| r-devel-linux-x86_64-debian-gcc | 1.2.0 | 10.17 | 77.19 | 87.36 | NOTE | |
| r-devel-linux-x86_64-fedora-clang | 1.2.0 | 60.00 | 136.93 | 196.93 | OK | |
| r-devel-linux-x86_64-fedora-gcc | 1.2.0 | 30.00 | 146.10 | 176.10 | OK | |
| r-devel-windows-x86_64 | 1.2.0 | 15.00 | 105.00 | 120.00 | OK | |
| r-patched-linux-x86_64 | 1.2.0 | 11.67 | 102.96 | 114.63 | OK | |
| r-release-linux-x86_64 | 1.2.0 | 12.04 | 102.73 | 114.77 | OK | |
| r-release-macos-arm64 | 1.2.0 | 5.00 | 37.00 | 42.00 | OK | |
| r-release-macos-x86_64 | 1.2.0 | 11.00 | 77.00 | 88.00 | OK | |
| r-release-windows-x86_64 | 1.2.0 | 14.00 | 107.00 | 121.00 | OK | |
| r-oldrel-macos-arm64 | 1.2.0 | 5.00 | 41.00 | 46.00 | OK | |
| r-oldrel-macos-x86_64 | 1.2.0 | 8.00 | 70.00 | 78.00 | OK | |
| r-oldrel-windows-x86_64 | 1.2.0 | 18.00 | 138.00 | 156.00 | OK |
Version: 1.2.0
Check: CRAN incoming feasibility
Result: NOTE
Maintainer: ‘Zhao Li <lizhao.informatics@gmail.com>’
No Authors@R field in DESCRIPTION.
Please add one, modifying
Authors@R: c(person(given = "Zhao",
family = "Li",
role = c("aut", "cre"),
email = "lizhao.informatics@gmail.com"),
person(given = "Peng",
family = "Yu",
role = c("aut", "cre")))
as necessary.
Flavors: r-devel-linux-x86_64-debian-clang, r-devel-linux-x86_64-debian-gcc