Last updated on 2025-05-28 01:49:50 CEST.
Flavor | Version | Tinstall | Tcheck | Ttotal | Status | Flags |
---|---|---|---|---|---|---|
r-devel-linux-x86_64-debian-clang | 1.0.5 | 3.77 | 40.40 | 44.17 | OK | |
r-devel-linux-x86_64-debian-gcc | 1.0.5 | 2.65 | 29.85 | 32.50 | OK | |
r-devel-linux-x86_64-fedora-clang | 1.0.5 | 66.57 | NOTE | |||
r-devel-linux-x86_64-fedora-gcc | 1.0.5 | 81.19 | NOTE | |||
r-devel-windows-x86_64 | 1.0.5 | 7.00 | 59.00 | 66.00 | OK | |
r-patched-linux-x86_64 | 1.0.5 | 4.06 | 36.63 | 40.69 | OK | |
r-release-linux-x86_64 | 1.0.5 | 3.80 | 36.01 | 39.81 | OK | |
r-release-macos-arm64 | 1.0.5 | 33.00 | OK | |||
r-release-macos-x86_64 | 1.0.5 | 58.00 | OK | |||
r-release-windows-x86_64 | 1.0.5 | 6.00 | 59.00 | 65.00 | OK | |
r-oldrel-macos-arm64 | 1.0.5 | 38.00 | OK | |||
r-oldrel-macos-x86_64 | 1.0.5 | 52.00 | OK | |||
r-oldrel-windows-x86_64 | 1.0.5 | 7.00 | 65.00 | 72.00 | OK |
Version: 1.0.5
Check: dependencies in R code
Result: NOTE
Namespace in Imports field not imported from: ‘stringr’
All declared Imports should be used.
Flavors: r-devel-linux-x86_64-fedora-clang, r-devel-linux-x86_64-fedora-gcc