Last updated on 2024-07-27 01:53:15 CEST.
Flavor | Version | Tinstall | Tcheck | Ttotal | Status | Flags |
---|---|---|---|---|---|---|
r-devel-linux-x86_64-debian-clang | 0.1-2 | 12.31 | 114.86 | 127.17 | OK | |
r-devel-linux-x86_64-debian-gcc | 0.1-2 | 9.57 | 83.04 | 92.61 | NOTE | |
r-devel-linux-x86_64-fedora-clang | 0.1-2 | 157.96 | NOTE | |||
r-devel-linux-x86_64-fedora-gcc | 0.1-2 | 151.37 | NOTE | |||
r-devel-windows-x86_64 | 0.1-2 | 12.00 | 94.00 | 106.00 | NOTE | |
r-patched-linux-x86_64 | 0.1-2 | OK | ||||
r-release-linux-x86_64 | 0.1-2 | 12.99 | 110.29 | 123.28 | OK | |
r-release-macos-arm64 | 0.1-2 | 45.00 | OK | |||
r-release-macos-x86_64 | 0.1-2 | 75.00 | OK | |||
r-release-windows-x86_64 | 0.1-2 | 11.00 | 86.00 | 97.00 | OK | |
r-oldrel-macos-arm64 | 0.1-2 | 52.00 | OK | |||
r-oldrel-macos-x86_64 | 0.1-2 | 61.00 | OK | |||
r-oldrel-windows-x86_64 | 0.1-2 | 13.00 | 97.00 | 110.00 | OK |
Version: 0.1-2
Check: Rd cross-references
Result: NOTE
Found the following Rd file(s) with Rd \link{} targets missing package
anchors:
draw.lar.Rd: treemap
Please provide package anchors for all Rd \link{} targets not in the
package itself and the base packages.
Flavors: r-devel-linux-x86_64-debian-gcc, r-devel-windows-x86_64
Version: 0.1-2
Check: data for non-ASCII characters
Result: NOTE
Note: found 6 marked UTF-8 strings
Flavors: r-devel-linux-x86_64-fedora-clang, r-devel-linux-x86_64-fedora-gcc