Last updated on 2025-02-05 02:48:52 CET.
Flavor | Version | Tinstall | Tcheck | Ttotal | Status | Flags |
---|---|---|---|---|---|---|
r-devel-linux-x86_64-debian-clang | 0.0.6 | 13.27 | 96.43 | 109.70 | NOTE | |
r-devel-linux-x86_64-debian-gcc | 0.0.6 | 10.14 | 67.53 | 77.67 | NOTE | |
r-devel-linux-x86_64-fedora-clang | 0.0.6 | 177.62 | OK | |||
r-devel-linux-x86_64-fedora-gcc | 0.0.6 | 164.37 | OK | |||
r-devel-windows-x86_64 | 0.0.6 | 16.00 | 111.00 | 127.00 | NOTE | |
r-patched-linux-x86_64 | 0.0.6 | 20.89 | 91.36 | 112.25 | OK | |
r-release-linux-x86_64 | 0.0.6 | 12.60 | 89.30 | 101.90 | OK | |
r-release-macos-arm64 | 0.0.6 | 44.00 | OK | |||
r-release-macos-x86_64 | 0.0.6 | 72.00 | OK | |||
r-release-windows-x86_64 | 0.0.6 | 18.00 | 109.00 | 127.00 | OK | |
r-oldrel-macos-arm64 | 0.0.6 | 52.00 | OK | |||
r-oldrel-macos-x86_64 | 0.0.6 | 81.00 | OK | |||
r-oldrel-windows-x86_64 | 0.0.6 | 21.00 | 132.00 | 153.00 | OK |
Version: 0.0.6
Check: Rd cross-references
Result: NOTE
Found the following Rd file(s) with Rd \link{} targets missing package
anchors:
ESEM.Rd: lavaan
add_population_error.Rd: bifactor
Please provide package anchors for all Rd \link{} targets not in the
package itself and the base packages.
Flavors: r-devel-linux-x86_64-debian-clang, r-devel-linux-x86_64-debian-gcc, r-devel-windows-x86_64