CRAN Package Check Results for Package leaderCluster

Last updated on 2025-05-05 01:50:51 CEST.

Flavor Version Tinstall Tcheck Ttotal Status Flags
r-devel-linux-x86_64-debian-clang 1.5 2.48 16.39 18.87 NOTE
r-devel-linux-x86_64-debian-gcc 1.5 1.91 13.59 15.50 NOTE
r-devel-linux-x86_64-fedora-clang 1.5 28.94 OK
r-devel-linux-x86_64-fedora-gcc 1.5 27.60 OK
r-devel-windows-x86_64 1.5 5.00 42.00 47.00 OK
r-patched-linux-x86_64 1.5 2.09 15.46 17.55 OK
r-release-linux-x86_64 1.5 2.15 15.70 17.85 OK
r-release-macos-arm64 1.5 17.00 OK
r-release-macos-x86_64 1.5 32.00 OK
r-release-windows-x86_64 1.5 5.00 44.00 49.00 OK
r-oldrel-macos-arm64 1.5 16.00 OK
r-oldrel-macos-x86_64 1.5 21.00 OK
r-oldrel-windows-x86_64 1.5 5.00 42.00 47.00 OK

Check Details

Version: 1.5
Check: CRAN incoming feasibility
Result: NOTE Maintainer: ‘Taylor B. Arnold <tarnold2@richmond.edu>’ No Authors@R field in DESCRIPTION. Please add one, modifying Authors@R: person(given = c("Taylor", "B."), family = "Arnold", role = c("aut", "cre"), email = "tarnold2@richmond.edu") as necessary. Flavors: r-devel-linux-x86_64-debian-clang, r-devel-linux-x86_64-debian-gcc