Last updated on 2024-07-27 01:53:15 CEST.
Flavor | Version | Tinstall | Tcheck | Ttotal | Status | Flags |
---|---|---|---|---|---|---|
r-devel-linux-x86_64-debian-clang | 0.3.1 | 2.85 | 37.65 | 40.50 | NOTE | |
r-devel-linux-x86_64-debian-gcc | 0.3.1 | 2.62 | 29.70 | 32.32 | NOTE | |
r-devel-linux-x86_64-fedora-clang | 0.3.1 | 53.83 | NOTE | |||
r-devel-linux-x86_64-fedora-gcc | 0.3.1 | 63.05 | NOTE | |||
r-devel-windows-x86_64 | 0.3.1 | 5.00 | 59.00 | 64.00 | NOTE | |
r-patched-linux-x86_64 | 0.3.1 | NOTE | ||||
r-release-linux-x86_64 | 0.3.1 | 2.78 | 37.67 | 40.45 | NOTE | |
r-release-macos-arm64 | 0.3.1 | 27.00 | NOTE | |||
r-release-macos-x86_64 | 0.3.1 | 46.00 | NOTE | |||
r-release-windows-x86_64 | 0.3.1 | 4.00 | 60.00 | 64.00 | NOTE | |
r-oldrel-macos-arm64 | 0.3.1 | 29.00 | NOTE | |||
r-oldrel-macos-x86_64 | 0.3.1 | 38.00 | NOTE | |||
r-oldrel-windows-x86_64 | 0.3.1 | 5.00 | 59.00 | 64.00 | NOTE |
Version: 0.3.1
Check: LazyData
Result: NOTE
'LazyData' is specified without a 'data' directory
Flavors: r-devel-linux-x86_64-debian-clang, r-devel-linux-x86_64-debian-gcc, r-devel-linux-x86_64-fedora-clang, r-devel-linux-x86_64-fedora-gcc, r-devel-windows-x86_64, r-patched-linux-x86_64, r-release-linux-x86_64, r-release-macos-arm64, r-release-macos-x86_64, r-release-windows-x86_64, r-oldrel-macos-arm64, r-oldrel-macos-x86_64, r-oldrel-windows-x86_64
Version: 0.3.1
Check: Rd cross-references
Result: NOTE
Found the following Rd file(s) with Rd \link{} targets missing package
anchors:
lp_book_info.Rd: GET
lp_coupons.Rd: GET
lp_download.Rd: GET
lp_get_wrapper.Rd: GET
lp_job_status.Rd: GET
lp_links.Rd: GET
lp_preview.Rd: GET
lp_publish.Rd: GET
lp_sales.Rd: GET
Please provide package anchors for all Rd \link{} targets not in the
package itself and the base packages.
Flavors: r-devel-linux-x86_64-debian-gcc, r-devel-windows-x86_64