Last updated on 2025-05-28 01:49:50 CEST.
Flavor | Version | Tinstall | Tcheck | Ttotal | Status | Flags |
---|---|---|---|---|---|---|
r-devel-linux-x86_64-debian-clang | 3.2 | 4.80 | 20.94 | 25.74 | NOTE | |
r-devel-linux-x86_64-debian-gcc | 3.2 | 2.92 | 16.56 | 19.48 | NOTE | |
r-devel-linux-x86_64-fedora-clang | 3.2 | 41.58 | OK | |||
r-devel-linux-x86_64-fedora-gcc | 3.2 | 39.76 | OK | |||
r-devel-windows-x86_64 | 3.2 | 12.00 | 50.00 | 62.00 | OK | |
r-patched-linux-x86_64 | 3.2 | 3.90 | 20.22 | 24.12 | OK | |
r-release-linux-x86_64 | 3.2 | 3.48 | 20.32 | 23.80 | OK | |
r-release-macos-arm64 | 3.2 | 25.00 | OK | |||
r-release-macos-x86_64 | 3.2 | 34.00 | OK | |||
r-release-windows-x86_64 | 3.2 | 7.00 | 49.00 | 56.00 | OK | |
r-oldrel-macos-arm64 | 3.2 | 26.00 | OK | |||
r-oldrel-macos-x86_64 | 3.2 | 65.00 | OK | |||
r-oldrel-windows-x86_64 | 3.2 | 8.00 | 47.00 | 55.00 | OK |
Version: 3.2
Check: CRAN incoming feasibility
Result: NOTE
Maintainer: ‘Thomas Lumley <t.lumley@auckland.ac.nz>’
No Authors@R field in DESCRIPTION.
Please add one, modifying
Authors@R: c(person(given = c("Thomas", "Lumley", "based", "on", "Fortran", "code", "by", "Alan"),
family = "Miller",
role = "aut"),
person(given = "Thomas",
family = "Lumley",
role = "cre",
email = "t.lumley@auckland.ac.nz"))
as necessary.
Flavors: r-devel-linux-x86_64-debian-clang, r-devel-linux-x86_64-debian-gcc