Last updated on 2025-05-25 02:50:10 CEST.
Flavor | Version | Tinstall | Tcheck | Ttotal | Status | Flags |
---|---|---|---|---|---|---|
r-devel-linux-x86_64-debian-clang | 1.1.5 | 188.50 | 87.55 | 276.05 | OK | |
r-devel-linux-x86_64-debian-gcc | 1.1.5 | 137.82 | 62.72 | 200.54 | OK | |
r-devel-windows-x86_64 | 1.1.5 | 318.00 | 121.00 | 439.00 | OK | |
r-patched-linux-x86_64 | 1.1.5 | 191.92 | 81.55 | 273.47 | OK | |
r-release-linux-x86_64 | 1.1.5 | 188.96 | 81.49 | 270.45 | OK | |
r-release-macos-arm64 | 1.1.5 | 98.00 | OK | |||
r-release-macos-x86_64 | 1.1.5 | 151.00 | OK | |||
r-release-windows-x86_64 | 1.1.5 | 323.00 | 119.00 | 442.00 | OK | |
r-oldrel-macos-arm64 | 1.1.5 | 121.00 | NOTE | |||
r-oldrel-macos-x86_64 | 1.1.5 | 145.00 | NOTE | |||
r-oldrel-windows-x86_64 | 1.1.5 | 365.00 | 146.00 | 511.00 | NOTE |
Version: 1.1.5
Check: for GNU extensions in Makefiles
Result: NOTE
GNU make is a SystemRequirements.
Flavors: r-oldrel-macos-arm64, r-oldrel-macos-x86_64, r-oldrel-windows-x86_64