Last updated on 2025-05-07 01:50:00 CEST.
Flavor | Version | Tinstall | Tcheck | Ttotal | Status | Flags |
---|---|---|---|---|---|---|
r-devel-linux-x86_64-debian-clang | 0.2 | 1.46 | 15.69 | 17.15 | NOTE | |
r-devel-linux-x86_64-debian-gcc | 0.2 | 1.25 | 13.04 | 14.29 | NOTE | |
r-devel-linux-x86_64-fedora-clang | 0.2 | 26.48 | OK | |||
r-devel-linux-x86_64-fedora-gcc | 0.2 | 25.68 | OK | |||
r-devel-windows-x86_64 | 0.2 | 3.00 | 34.00 | 37.00 | OK | |
r-patched-linux-x86_64 | 0.2 | 1.58 | 14.81 | 16.39 | OK | |
r-release-linux-x86_64 | 0.2 | 1.46 | 14.81 | 16.27 | OK | |
r-release-macos-arm64 | 0.2 | 12.00 | OK | |||
r-release-macos-x86_64 | 0.2 | 21.00 | OK | |||
r-release-windows-x86_64 | 0.2 | 2.00 | 38.00 | 40.00 | OK | |
r-oldrel-macos-arm64 | 0.2 | 12.00 | NOTE | |||
r-oldrel-macos-x86_64 | 0.2 | 18.00 | NOTE | |||
r-oldrel-windows-x86_64 | 0.2 | 2.00 | 33.00 | 35.00 | NOTE |
Version: 0.2
Check: CRAN incoming feasibility
Result: NOTE
Maintainer: ‘Lucas Processi <lucasprocessi@gmail.com>’
No Authors@R field in DESCRIPTION.
Please add one, modifying
Authors@R: c(person(given = "Lucas",
family = "Processi",
role = c("aut", "cre"),
email = "lucasprocessi@gmail.com"),
person(given = "Luiz",
family = "Aizemberg",
role = "aut"))
as necessary.
Flavors: r-devel-linux-x86_64-debian-clang, r-devel-linux-x86_64-debian-gcc
Version: 0.2
Check: LazyData
Result: NOTE
'LazyData' is specified without a 'data' directory
Flavors: r-oldrel-macos-arm64, r-oldrel-macos-x86_64, r-oldrel-windows-x86_64